{"id":131,"date":"2022-09-23T17:40:02","date_gmt":"2022-09-23T15:40:02","guid":{"rendered":"https:\/\/frenchschoolmilcent.com\/?page_id=131"},"modified":"2022-10-03T18:04:37","modified_gmt":"2022-10-03T16:04:37","slug":"preco-si-vybrat-nas","status":"publish","type":"page","link":"https:\/\/frenchschoolmilcent.com\/index.php\/preco-si-vybrat-nas\/","title":{"rendered":"PRE\u010cO SI VYBRA\u0164 N\u00c1S ?"},"content":{"rendered":"\n<figure class=\"wp-block-gallery has-nested-images columns-default is-cropped wp-block-gallery-1 is-layout-flex wp-block-gallery-is-layout-flex\">\n<figure class=\"wp-block-image size-large\"><img loading=\"lazy\" decoding=\"async\" width=\"525\" height=\"647\" data-id=\"307\" src=\"https:\/\/i0.wp.com\/frenchschoolmilcent.com\/wp-content\/uploads\/2022\/10\/IMG-20220930-WA0012.jpg?resize=525%2C647&#038;ssl=1\" alt=\"\" class=\"wp-image-307\" srcset=\"https:\/\/i0.wp.com\/frenchschoolmilcent.com\/wp-content\/uploads\/2022\/10\/IMG-20220930-WA0012.jpg?w=1080&amp;ssl=1 1080w, https:\/\/i0.wp.com\/frenchschoolmilcent.com\/wp-content\/uploads\/2022\/10\/IMG-20220930-WA0012.jpg?resize=243%2C300&amp;ssl=1 243w, https:\/\/i0.wp.com\/frenchschoolmilcent.com\/wp-content\/uploads\/2022\/10\/IMG-20220930-WA0012.jpg?resize=831%2C1024&amp;ssl=1 831w, https:\/\/i0.wp.com\/frenchschoolmilcent.com\/wp-content\/uploads\/2022\/10\/IMG-20220930-WA0012.jpg?resize=768%2C946&amp;ssl=1 768w\" sizes=\"auto, (max-width: 767px) 89vw, (max-width: 1000px) 54vw, (max-width: 1071px) 543px, 580px\" data-recalc-dims=\"1\" \/><\/figure>\n<\/figure>\n\n\n\n<ol class=\"wp-block-list\"><li><strong>\u0160PECIALIZ\u00c1CIA NA FRANC\u00daZSKY JAZYK<\/strong>: <ul><li>Na\u0161\u00edm vyu\u010dovac\u00edm jazykom je v\u00fdlu\u010dne franc\u00faz\u0161tina, s ktorou m\u00e1me dlhoro\u010dn\u00e9 pedagogick\u00e9 sk\u00fasenosti.<\/li><\/ul><\/li><li><strong>HODINY NA MIERU A INDIVIDU\u00c1LNY PR\u00cdSTUP<\/strong>: \u00a0<ul><li>Sme flexibiln\u00ed a hodiny prisp\u00f4sob\u00edme ka\u017ed\u00e9mu \u0161tudentovi a jeho potreb\u00e1m.<\/li><\/ul><\/li><li><strong>HODINY AJ VO DVOJICIACH A SKUPIN\u00c1CH<\/strong>: <ul><li>Na na\u0161e hodiny sa m\u00f4\u017eete prihl\u00e1si\u0165 individu\u00e1lne, alebo sa m\u00f4\u017eete o n\u00e1klady podeli\u0165 so svojimi priate\u013emi, kolegami, rodinn\u00fdmi pr\u00edslu\u0161n\u00edkmi a u\u010di\u0165 sa vo dvojiciach alebo skupink\u00e1ch.<\/li><\/ul><\/li><li><strong>SLEDOVANIE POKROKU POD\u013dA SERR<\/strong>: \u00a0<ul><li>Spolo\u010dn\u00fd eur\u00f3psky referen\u010dn\u00fd r\u00e1mec pre jazykov\u00e9 znalosti je ako u\u017e s\u00e1m n\u00e1zov napoved\u00e1, r\u00e1mec popisuj\u00faci znalosti cudz\u00edch jazykov na \u0161iestich \u00farovniach od A1, pre za\u010diato\u010dn\u00edkov, po C2, pre ve\u013emi pokro\u010dil\u00fdch.<\/li><li>Ke\u010f sa zap\u00ed\u0161ete na na\u0161e lekcie, budete ma\u0165 pr\u00edstup ku SERR testu, ktor\u00fd ur\u010d\u00ed Va\u0161u jazykov\u00fa \u00farove\u0148 a pom\u00f4\u017ee n\u00e1m vybra\u0165 kurz najlep\u0161ie zodpovedaj\u00faci\u00a0 Va\u0161im schopnostiam.<\/li><\/ul><\/li><li><strong>PLATBA PO KA\u017dDEJ LEKCII<\/strong>: <ul><li>Plat\u00ed sa po ka\u017edej hodine bankov\u00fdm prevodom na n\u00e1\u0161 \u00fa\u010det<\/li><\/ul><\/li><\/ol>\n","protected":false},"excerpt":{"rendered":"<p>\u0160PECIALIZ\u00c1CIA NA FRANC\u00daZSKY JAZYK: Na\u0161\u00edm vyu\u010dovac\u00edm jazykom je v\u00fdlu\u010dne franc\u00faz\u0161tina, s ktorou m\u00e1me dlhoro\u010dn\u00e9 pedagogick\u00e9 sk\u00fasenosti. HODINY NA MIERU A INDIVIDU\u00c1LNY PR\u00cdSTUP: \u00a0 Sme flexibiln\u00ed a hodiny prisp\u00f4sob\u00edme ka\u017ed\u00e9mu \u0161tudentovi a jeho potreb\u00e1m. HODINY AJ VO DVOJICIACH A SKUPIN\u00c1CH: Na na\u0161e hodiny sa m\u00f4\u017eete prihl\u00e1si\u0165 individu\u00e1lne, alebo sa m\u00f4\u017eete o n\u00e1klady podeli\u0165 so svojimi priate\u013emi, &hellip; <\/p>\n<p class=\"link-more\"><a href=\"https:\/\/frenchschoolmilcent.com\/index.php\/preco-si-vybrat-nas\/\" class=\"more-link\">Continuer la lecture<span class=\"screen-reader-text\"> de &laquo;&nbsp;PRE\u010cO SI VYBRA\u0164 N\u00c1S ?&nbsp;&raquo;<\/span><\/a><\/p>\n","protected":false},"author":2,"featured_media":0,"parent":0,"menu_order":0,"comment_status":"closed","ping_status":"closed","template":"","meta":{"footnotes":""},"class_list":["post-131","page","type-page","status-publish","hentry"],"jetpack_sharing_enabled":true,"_links":{"self":[{"href":"https:\/\/frenchschoolmilcent.com\/index.php\/wp-json\/wp\/v2\/pages\/131","targetHints":{"allow":["GET"]}}],"collection":[{"href":"https:\/\/frenchschoolmilcent.com\/index.php\/wp-json\/wp\/v2\/pages"}],"about":[{"href":"https:\/\/frenchschoolmilcent.com\/index.php\/wp-json\/wp\/v2\/types\/page"}],"author":[{"embeddable":true,"href":"https:\/\/frenchschoolmilcent.com\/index.php\/wp-json\/wp\/v2\/users\/2"}],"replies":[{"embeddable":true,"href":"https:\/\/frenchschoolmilcent.com\/index.php\/wp-json\/wp\/v2\/comments?post=131"}],"version-history":[{"count":8,"href":"https:\/\/frenchschoolmilcent.com\/index.php\/wp-json\/wp\/v2\/pages\/131\/revisions"}],"predecessor-version":[{"id":398,"href":"https:\/\/frenchschoolmilcent.com\/index.php\/wp-json\/wp\/v2\/pages\/131\/revisions\/398"}],"wp:attachment":[{"href":"https:\/\/frenchschoolmilcent.com\/index.php\/wp-json\/wp\/v2\/media?parent=131"}],"curies":[{"name":"wp","href":"https:\/\/api.w.org\/{rel}","templated":true}]}}