{"id":82,"date":"2022-09-23T10:58:52","date_gmt":"2022-09-23T08:58:52","guid":{"rendered":"https:\/\/frenchschoolmilcent.com\/?page_id=82"},"modified":"2022-10-03T16:38:08","modified_gmt":"2022-10-03T14:38:08","slug":"online-francuzska-skola","status":"publish","type":"page","link":"https:\/\/frenchschoolmilcent.com\/index.php\/online-francuzska-skola\/","title":{"rendered":"Online \u0161kola franc\u00faz\u0161tiny"},"content":{"rendered":"\n<p>Nau\u010dte sa s nami po franc\u00fazsky &nbsp;z pohodlia&nbsp; V\u00e1\u0161ho domova<\/p>\n\n\n\n<p>Pon\u00fakame kvalitn\u00e9 hodiny franc\u00faz\u0161tiny, bu\u010f individu\u00e1lne, vo dvojiciach alebo v skupin\u00e1ch, pre deti, \u0161tudentov a dospel\u00fdch, od za\u010diato\u010dn\u00edkov po ve\u013emi pokro\u010dil\u00fdch.<\/p>\n\n\n\n<figure class=\"wp-block-gallery has-nested-images columns-default is-cropped wp-block-gallery-1 is-layout-flex wp-block-gallery-is-layout-flex\">\n<figure class=\"wp-block-image size-large\"><img loading=\"lazy\" decoding=\"async\" width=\"525\" height=\"763\" data-id=\"345\" src=\"https:\/\/i0.wp.com\/frenchschoolmilcent.com\/wp-content\/uploads\/2022\/10\/1664806976302.jpg?resize=525%2C763&#038;ssl=1\" alt=\"\" class=\"wp-image-345\" srcset=\"https:\/\/i0.wp.com\/frenchschoolmilcent.com\/wp-content\/uploads\/2022\/10\/1664806976302.jpg?resize=705%2C1024&amp;ssl=1 705w, https:\/\/i0.wp.com\/frenchschoolmilcent.com\/wp-content\/uploads\/2022\/10\/1664806976302.jpg?resize=207%2C300&amp;ssl=1 207w, https:\/\/i0.wp.com\/frenchschoolmilcent.com\/wp-content\/uploads\/2022\/10\/1664806976302.jpg?resize=768%2C1115&amp;ssl=1 768w, https:\/\/i0.wp.com\/frenchschoolmilcent.com\/wp-content\/uploads\/2022\/10\/1664806976302.jpg?resize=1058%2C1536&amp;ssl=1 1058w, https:\/\/i0.wp.com\/frenchschoolmilcent.com\/wp-content\/uploads\/2022\/10\/1664806976302.jpg?w=1080&amp;ssl=1 1080w\" sizes=\"auto, (max-width: 525px) 100vw, 525px\" data-recalc-dims=\"1\" \/><\/figure>\n<\/figure>\n","protected":false},"excerpt":{"rendered":"<p>Nau\u010dte sa s nami po franc\u00fazsky &nbsp;z pohodlia&nbsp; V\u00e1\u0161ho domova Pon\u00fakame kvalitn\u00e9 hodiny franc\u00faz\u0161tiny, bu\u010f individu\u00e1lne, vo dvojiciach alebo v skupin\u00e1ch, pre deti, \u0161tudentov a dospel\u00fdch, od za\u010diato\u010dn\u00edkov po ve\u013emi pokro\u010dil\u00fdch.<\/p>\n","protected":false},"author":2,"featured_media":0,"parent":0,"menu_order":0,"comment_status":"closed","ping_status":"closed","template":"","meta":{"footnotes":""},"class_list":["post-82","page","type-page","status-publish","hentry"],"jetpack_sharing_enabled":true,"_links":{"self":[{"href":"https:\/\/frenchschoolmilcent.com\/index.php\/wp-json\/wp\/v2\/pages\/82","targetHints":{"allow":["GET"]}}],"collection":[{"href":"https:\/\/frenchschoolmilcent.com\/index.php\/wp-json\/wp\/v2\/pages"}],"about":[{"href":"https:\/\/frenchschoolmilcent.com\/index.php\/wp-json\/wp\/v2\/types\/page"}],"author":[{"embeddable":true,"href":"https:\/\/frenchschoolmilcent.com\/index.php\/wp-json\/wp\/v2\/users\/2"}],"replies":[{"embeddable":true,"href":"https:\/\/frenchschoolmilcent.com\/index.php\/wp-json\/wp\/v2\/comments?post=82"}],"version-history":[{"count":4,"href":"https:\/\/frenchschoolmilcent.com\/index.php\/wp-json\/wp\/v2\/pages\/82\/revisions"}],"predecessor-version":[{"id":362,"href":"https:\/\/frenchschoolmilcent.com\/index.php\/wp-json\/wp\/v2\/pages\/82\/revisions\/362"}],"wp:attachment":[{"href":"https:\/\/frenchschoolmilcent.com\/index.php\/wp-json\/wp\/v2\/media?parent=82"}],"curies":[{"name":"wp","href":"https:\/\/api.w.org\/{rel}","templated":true}]}}